 the highest common divisor of w and 120.
24
Let b = -22 - -56. Calculate the highest common factor of 51 and b.
17
Suppose 0*x = 2*x - 6. Suppose -x*g - 3*k = -0*k - 12, g + 4*k + 2 = 0. Calculate the greatest common factor of 4 and g.
2
Let s(c) = c**2 + 1. Let u be s(-8). Suppose -3*w - t = -13, -5*w - 5*t + 18 = -17. Suppose -7*j = -w*j - 52. Calculate the greatest common divisor of u and j.
13
Let y = -107 - -128. What is the greatest common divisor of y and 84?
21
Let w(t) = t + 4. Suppose 2*k = 5*z - 3 + 18, z + 3 = -3*k. Let f be w(z). Let m = f - -17. What is the greatest common factor of m and 9?
9
Let f(m) = -m**3 - 7*m**2 - m + 5. Let z be f(-7). Suppose -2*p + 7*p = 325. Let o = p + -29. What is the highest common factor of o and z?
12
Let t(k) = 8*k - 31. Let q be t(19). Calculate the highest common factor of q and 11.
11
Let p(j) = j**3 + 11*j**2 + 18*j + 27. Let d be p(-9). Calculate the highest common divisor of d and 297.
27
Let f = 27 + -21. Calculate the highest common factor of 12 and f.
6
Suppose 2*j - 3*j + 3 = 0. Let b(n) = -n + 2. Let t be b(-1). What is the greatest common divisor of t and j?
3
Let w be 5/(-1)*(-288)/20. Let j = -5 - -13. What is the greatest common divisor of j and w?
8
Let c be ((-4)/(-2) + -4)*2. Let q = c - -5. Let k(i) = -3*i**2 - 19*i - 5. Let m be k(-6). Calculate the highest common factor of q and m.
1
Let z be 12 - (1 - -2 - 4). What is the highest common divisor of 13 and z?
13
Let c(q) = 21*q + 3. Let g be c(5). Calculate the greatest common factor of 12 and g.
12
Let g = -18 + 36. What is the highest common divisor of 54 and g?
18
Let q(a) = 9*a**2 + a + 2. Let k be q(4). Let j be (45/(-2))/(6/(-16)). What is the greatest common divisor of j and k?
30
Let p be 2/4*(5 - 1). Suppose 4*f - 83 = 5. Calculate the greatest common factor of p and f.
2
Let c be (-2 - (-5)/1) + 1. Let y be (60/(-3))/(c/(-6)). Let b(h) = h**3 - 4*h**2 - 5*h + 3. Let w be b(6). What is the highest common divisor of w and y?
15
Suppose -4*r = 3*f - 708, r - f + 356 = 3*r. Calculate the greatest common factor of r and 20.
20
Let g(u) = 24*u**3 - u**2 + 1. Suppose 3*c + 1 = 4*c. Let f be g(c). Let t = 32 - 16. Calculate the greatest common factor of f and t.
8
Let p = 69 + -24. What is the highest common divisor of p and 18?
9
Let s(i) = -i**2 - 7*i + 6. Let y be s(-7). Let m = 46 - -20. Calculate the highest common divisor of y and m.
6
Suppose 5*k + 75 = 5*n, 0 = -4*n + 6*k - 8*k + 36. Calculate the highest common divisor of n and 1.
1
Let t be (1 - -3)/(-8*(-1)/832). Calculate the greatest common divisor of 32 and t.
32
Suppose -4*a + 5*a - 32 = 0. Let d = a - 11. What is the highest common divisor of d and 168?
21
Let p(n) = -n + 4. Let d(l) = -l**3 + l**2 + 1. Let w be d(2). Let q be p(w). Calculate the greatest common factor of 77 and q.
7
Suppose 0 = 2*g + g - 42. What is the highest common divisor of g and 112?
14
Let a = 2681 - 1742. Let t be 4/6 - a/(-9). What is the greatest common divisor of t and 15?
15
Suppose 2*h + 38 = 3*y, -2*y + h = 3*y - 61. Let f = -2 + y. Calculate the highest common factor of f and 4.
2
Suppose -4*v - 48 = -k, 2*k + 5*v - 56 = 79. What is the highest common factor of 36 and k?
12
Let f = -86 - -102. What is the highest common divisor of 24 and f?
8
Let r(u) = 6*u - 18. Let g be r(8). What is the greatest common factor of 6 and g?
6
Let s(k) = -14*k**3 + 3*k + 226. Let g(x) = -5*x**3 + x + 75. Let p(m) = -17*g(m) + 6*s(m). Let y be p(0). What is the highest common divisor of 54 and y?
27
Let z = -9 + 13. Let t(l) = z - 3*l - 17*l - 2*l + 2*l. Let m be t(-4). What is the greatest common divisor of m and 21?
21
Let u = 1 - -1. Let a be 3 + 11 + (-6)/u. Calculate the highest common factor of 88 and a.
11
Suppose -3*l + 7*l = 16. What is the highest common factor of 28 and l?
4
Suppose 62 = v - 5*w, -2*w = -5*v + 3*w + 350. Let t be 29/3 - (-4)/(-6). Calculate the highest common divisor of v and t.
9
Let h be (-164)/(-3) - 1/(-3). Let l be 44/10 - (-6)/10. Suppose -66 + 11 = -l*c. Calculate the highest common factor of h and c.
11
Let x be ((-93)/(-15) - 7)/(2/(-25)). What is the highest common factor of x and 15?
5
Let h = 18 - 34. Let y be h/(-6) + (-8)/12. Suppose -5*p + 34 = y*d, -5*p + 2*p = 3*d - 69. Calculate the highest common factor of 18 and d.
9
Let k(v) = v**3 - 4*v**2 - 4*v + 4. Let y be k(5). Suppose -9 = 4*x - 5*x. What is the highest common divisor of x and y?
9
Let v = 288 + -207. Suppose -3*o = 5*l - 0*o - 39, -3*l - 5*o + 17 = 0. What is the greatest common divisor of l and v?
9
Suppose 3*d = 2*o + 2, -3*o + 0*o + 4*d - 2 = 0. Suppose 3*x - 13 = o*x. Calculate the highest common factor of x and 65.
13
Let y = 50 - 35. Suppose -2*c = -y - 17. What is the greatest common factor of 40 and c?
8
Let q = -758 + 1190. Suppose 0 = -0*c - 4*c + q. Calculate the greatest common divisor of 12 and c.
12
Let t be (8/(-10))/(((-35)/(-50))/(-7)). Calculate the highest common factor of 1 and t.
1
Let a = -5 + 33. Let h be 3*(2 - (-2)/(-2)). Suppose 0*p = h*p - 12. What is the greatest common divisor of a and p?
4
Suppose -30*f = -27*f - 36. What is the highest common divisor of f and 3?
3
Suppose -49 = -2*g + 2*n - 3, -g + 8 = 4*n. What is the highest common factor of 4 and g?
4
Suppose 0 = -11*y + 212 - 80. Let q = 109 - 49. Calculate the greatest common divisor of y and q.
12
Suppose 4*x + o = 3*o - 10, -5*o = -5*x - 20. Let h be (1 - 2)*(1 + x). Suppose 5*r - 79 + 29 = h. What is the greatest common factor of 20 and r?
10
Let b = -129 - 71. Let a = b - -336. What is the highest common factor of a and 17?
17
Suppose 0 = 5*p - 697 - 138. Let x be 277*2*(-2)/(-4). Let r = x - p. Calculate the greatest common factor of 44 and r.
22
Let a be 5/((-20)/(-16)) - -8. What is the greatest common factor of a and 96?
12
Let m be (6/4)/(2/(-4)). Let u(v) = v**2 + 1. Let a be u(m). What is the highest common factor of a and 70?
10
Suppose 2*i = i, 5*i + 6 = 3*b. Suppose 0 = 3*v + b + 7, 0 = 5*k - v - 63. What is the highest common divisor of 4 and k?
4
Suppose 0 = 3*j - c - 56, 9*c + 4 = 7*c. What is the greatest common divisor of 18 and j?
18
Let m(l) = 4*l**2 + 7*l - 3. Let g be m(-6). Calculate the highest common factor of g and 9.
9
Let d(p) be the second derivative of -3*p**5/20 - p**4/6 - p**3/6 + 4*p. Let b be d(-1). Calculate the greatest common divisor of 16 and b.
2
Suppose 4*v = 8*v + 5*p + 45, 0 = 4*v - 5*p + 75. Let o be (-3)/(9/v) + 0. Suppose 36 = -d + o*d. What is the highest common divisor of 81 and d?
9
Suppose -2*o = 4, 38 + 47 = 3*a - 5*o. What is the greatest common factor of a and 5?
5
Suppose 0 = a - 66 - 9. Let x be (2 - 44/7)*-7. What is the highest common divisor of x and a?
15
Let h(j) be the first derivative of j**3/3 - 3*j**2 + 7*j + 6. Let m be h(5). What is the highest common factor of 18 and m?
2
Suppose 0 = -9*d + 8*d. Let w be 3/3*(d - -10). Let o be (1 - 0)/(1/90). Calculate the highest common divisor of o and w.
10
Let w = 14 - 3. Let y(n) = n**2 - 9*n - 10. Let i be y(w). What is the greatest common divisor of 48 and i?
12
Suppose -r - 2*a + 18 = 0, -2*r + 6*r - a - 72 = 0. Calculate the highest common divisor of r and 27.
9
Let g = -34 + 61. What is the highest common factor of 189 and g?
27
Suppose 3*g + 3*b - 24 = 0, 5*b = 5*g - 0*g - 40. Calculate the highest common factor of 12 and g.
4
Let y(a) = -a**3 - 5*a**2 - 5*a - 3. Let b be y(-3). Let x(p) = -p + 6. Let k be x(b). What is the highest common factor of 36 and k?
12
Suppose 4*y - 3*y - 5*b = 21, 5*y - 2*b - 36 = 0. Calculate the greatest common factor of y and 9.
3
Let a(i) be the first derivative of 1/2*i**2 - 2 + 2*i. Let m be a(2). Calculate the greatest common factor of 4 and m.
4
Let a = -6 - -11. Suppose h = g - a*g + 46, -h - 3*g + 41 = 0. What is the greatest common divisor of 104 and h?
26
Let j(s) = 8*s**2 + 4. Let x be j(-4). Calculate the greatest common divisor of 12 and x.
12
Let r = -2 + 8. Let z(u) = u**3 + u**2 - u + 48. Let o be z(0). What is the highest common factor of o and r?
6
Let q = -9 - -6. Let y = 3 - q. Let n be 1*(0 - 6*-2). Calculate the highest common factor of y and n.
6
Let l be 5 + (0 - (-1 - -1)). Suppose -146 = -l*p + 4. What is the greatest common divisor o